3
What are the prime factors of 1516429072?
2, 1373, 69029
What are the prime factors of 363907217?
67, 617, 8803
What are the prime factors of 68685869?
7, 263, 37309
List the prime factors of 38991713.
2939, 13267
List the prime factors of 14207282.
2, 2447, 2903
What are the prime factors of 1261563566?
2, 47, 389, 34501
List the prime factors of 382587438.
2, 3, 1259, 50647
List the prime factors of 3886101736.
2, 11, 5087, 8681
What are the prime factors of 1304638647?
3, 13, 33452273
List the prime factors of 465367792.
2, 17, 307, 5573
What are the prime factors of 24083709?
3, 13, 617531
What are the prime factors of 2538202301?
14243, 178207
List the prime factors of 49309100.
2, 5, 197, 2503
List the prime factors of 4980754562.
2, 7, 31, 113, 101561
List the prime factors of 25881033.
3, 677, 12743
What are the prime factors of 110721622?
2, 11, 251, 20051
What are the prime factors of 37120796?
2, 9280199
What are the prime factors of 58601977?
7, 157, 53323
List the prime factors of 2625467158.
2, 19, 23, 3003967
What are the prime factors of 246039945?
3, 5, 3313, 4951
List the prime factors of 369271754.
2, 79, 2337163
What are the prime factors of 43493377?
47, 925391
What are the prime factors of 179521623?
3, 47, 241, 587
List the prime factors of 2339088193.
13, 173, 1040057
List the prime factors of 10603925.
5, 424157
What are the prime factors of 252364142?
2, 23, 787, 6971
List the prime factors of 423207970.
2, 5, 31, 337, 4051
What are the prime factors of 383376537?
3, 17, 191, 4373
List the prime factors of 226993885.
5, 45398777
List the prime factors of 2453917.
47, 109, 479
What are the prime factors of 2363715247?
367, 6440641
What are the prime factors of 50439191?
11, 1187, 3863
List the prime factors of 70088177.
70088177
List the prime factors of 56948844.
2, 3, 17, 131, 2131
List the prime factors of 996208144.
2, 269, 231461
What are the prime factors of 17794753?
2801, 6353
List the prime factors of 111841089.
3, 83, 449161
List the prime factors of 5450395392.
2, 3, 13, 20219
What are the prime factors of 620276980?
2, 5, 31013849
What are the prime factors of 314286194?
2, 157143097
List the prime factors of 138920981.
313, 443837
List the prime factors of 649554519.
3, 181, 191, 6263
List the prime factors of 328611853.
17, 19330109
What are the prime factors of 4947926816?
2, 7, 109, 191, 1061
What are the prime factors of 442161715?
5, 7297, 12119
What are the prime factors of 107804398?
2, 13, 4146323
List the prime factors of 228849130.
2, 5, 31, 738223
What are the prime factors of 3344846353?
223, 14999311
List the prime factors of 29487215.
5, 5897443
List the prime factors of 221003828.
2, 199, 277643
List the prime factors of 190062107.
43, 4420049
List the prime factors of 154599452.
2, 7, 83, 66523
What are the prime factors of 337928955?
3, 5, 7, 13, 37, 6691
What are the prime factors of 250490898?
2, 3, 7, 1988023
What are the prime factors of 223524794?
2, 111762397
List the prime factors of 533756489.
7, 127, 600401
What are the prime factors of 1300435158?
2, 3, 11, 193, 9281
What are the prime factors of 61980110?
2, 5, 41, 151171
What are the prime factors of 41209560?
2, 3, 5, 7, 23, 79
What are the prime factors of 428907938?
2, 19, 11287051
What are the prime factors of 1807209597?
3, 179, 3365381
What are the prime factors of 456505239?
3, 152168413
List the prime factors of 196654825.
5, 7866193
List the prime factors of 157270.
2, 5, 15727
List the prime factors of 29435248.
2, 149, 12347
List the prime factors of 5918120.
2, 5, 13, 19, 599
List the prime factors of 23453838.
2, 3, 1302991
What are the prime factors of 4478720475?
3, 5, 47, 1270559
List the prime factors of 1173670128.
2, 3, 19, 23, 6217
List the prime factors of 690775997.
23, 823, 36493
List the prime factors of 429508516.
2, 227, 473027
What are the prime factors of 99861524?
2, 7, 971, 3673
List the prime factors of 1468482445.
5, 41, 107, 66947
List the prime factors of 1178279109.
3, 7, 103, 60527
List the prime factors of 296014797.
3, 13, 843347
List the prime factors of 3564628890.
2, 3, 5, 89, 1335067
List the prime factors of 214767803.
541, 396983
List the prime factors of 53388526.
2, 131, 203773
What are the prime factors of 811321704?
2, 3, 3756119
List the prime factors of 49779190.
2, 5, 53, 93923
List the prime factors of 1442721281.
19, 75932699
What are the prime factors of 1147299369?
3, 382433123
List the prime factors of 1139595500.
2, 5, 281, 8111
What are the prime factors of 393370527?
3, 11, 311, 38329
What are the prime factors of 3574294294?
2, 26479, 67493
What are the prime factors of 497155312?
2, 31072207
What are the prime factors of 8125767183?
3, 19, 142557319
List the prime factors of 91035056.
2, 7, 109, 7457
List the prime factors of 70143496.
2, 17, 515761
List the prime factors of 26632637.
37, 719801
What are the prime factors of 3441181144?
2, 2027, 212209
What are the prime factors of 292451261?
292451261
List the prime factors of 269904087.
3, 17, 523, 3373
What are the prime factors of 602503845?
3, 5, 523, 76801
List the prime factors of 58031421.
3, 7, 17, 162553
List the prime factors of 3896936248.
2, 17, 29, 988067
What are the prime factors of 3011287951?
7, 31, 79, 269, 653
List the prime factors of 5294042.
2, 13, 203617
What are the prime factors of 93989954?
2, 31, 191, 7937
What are the prime factors of 790613718?
2, 3, 29, 4543757
List the prime factors of 59473522.
2, 29736761
List the prime factors of 267732388.
2, 7, 11, 17, 51133
What are the prime factors of 640014394?
2, 320007197
What are the prime factors of 37194246?
2, 3, 67, 30841
List the prime factors of 59932458.
2, 3, 3329581
What are the prime factors of 98136074?
2, 1051, 46687
What are the prime factors of 524894596?
2, 2281, 57529
What are the prime factors of 19024431?
3, 6341477
List the prime factors of 4844297015.
5, 157, 223, 27673
List the prime factors of 31006070.
2, 5, 23, 113, 1193
List the prime factors of 836709086.
2, 418354543
What are the prime factors of 200463853?
103, 787, 2473
What are the prime factors of 401097474?
2, 3, 7427731
What are the prime factors of 2672275108?
2, 668068777
What are the prime factors of 1312603161?
3, 437534387
List the prime factors of 35356299.
3, 11, 839, 1277
List the prime factors of 6144588820.
2, 5, 41, 7493401
What are the prime factors of 4148907598?
2, 11, 67, 2814727
What are the prime factors of 2909943678?
2, 3, 769, 630677
List the prime factors of 4479319716.
2, 3, 1031, 362053
What are the prime factors of 216379577?
173, 1250749
List the prime factors of 73122235.
5, 131, 111637
List the prime factors of 1538925180.
2, 3, 5, 13, 1972981
What are the prime factors of 779328503?
821, 949243
What are the prime factors of 416876664?
2, 3, 17369861
What are the prime factors of 96811401?
3, 593, 54419
What are the prime factors of 384074928?
2, 3, 2667187
What are the prime factors of 1777554931?
23, 77284997
List the prime factors of 146741913.
3, 113, 144289
List the prime factors of 1187572195.
5, 1051, 225989
List the prime factors of 1667243066.
2, 833621533
List the prime factors of 192138116.
2, 137, 350617
List the prime factors of 675609032.
2, 7, 109, 151, 733
What are the prime factors of 940008611?
6703, 140237
What are the prime factors of 36209271?
3, 7, 31, 55621
List the prime factors of 117857631.
3, 39285877
What are the prime factors of 12251872?
2, 382871
List the prime factors of 1777212125.
5, 13, 61, 17929
What are the prime factors of 2329607477?
2329607477
What are the prime factors of 5813554055?
5, 1129, 1029859
List the prime factors of 150942427.
43, 47, 74687
What are the prime factors of 163236434?
2, 347, 235211
List the prime factors of 403575662.
2, 7, 89, 46271
List the prime factors of 718887607.
47, 15295481
List the prime factors of 2139711575.
5, 173, 494731
List the prime factors of 4099698299.
109, 191, 1031
List the prime factors of 29380637.
11, 13, 23, 8933
List the prime factors of 126004432.
2, 103, 157, 487
What are the prime factors of 1932321576?
2, 3, 80513399
List the prime factors of 100557299.
47, 59, 36263
List the prime factors of 89579337.
3, 29859779
List the prime fa